g - 47 = 0, -g + 16 = 2*a - a. Suppose 0*r + 4*p + 7 = -r, 4*r - a = -p. Suppose 0 = -6*x - r*x + 561. List the prime factors of x.
3, 17
Let i be ((-3)/(-6))/((-13)/11258). Let w = 520 - i. List the prime factors of w.
953
Let q be 4/(-14) + 84/(-49). Let r be 86/18 + q/(-9). Suppose r*m + 2*j = -3*j + 245, 104 = 2*m - 4*j. What are the prime factors of m?
2, 5
Let o(d) be the first derivative of d**3/3 + 4*d**2 - 147*d + 159. What are the prime factors of o(15)?
2, 3, 11
What are the prime factors of 50/((60960/3126 - 22) + (-10)/(-4))?
2, 5, 521
Suppose 0*a = 3*a - 5*s + 138, 3*s + 9 = 0. Let b be (a/476)/((-2)/48)*112. Let u = b + -167. What are the prime factors of u?
11
List the prime factors of 655743/44 - (-182)/(-56).
2, 5, 149
Suppose 2*h - 9 = 47. Let y(q) = 64*q - 288. Let k(a) = -7*a + 32. Let u(j) = h*k(j) + 3*y(j). What are the prime factors of u(-11)?
2, 19
Let x = 3786 - 1290. What are the prime factors of x?
2, 3, 13
Suppose 6*v - 2*v - 6582 = 2*k, 4932 = 3*v - 3*k. List the prime factors of v.
3, 61
Suppose g + 9*w - 14*w - 4145 = 0, 0 = 5*g + 4*w - 20551. What are the prime factors of g?
5, 823
Let l(k) = 269*k + 134. Let c(y) = -271*y - 130. Let b(g) = 7*c(g) + 6*l(g). List the prime factors of b(-5).
7, 11, 17
Let b(d) = -168*d - 379. List the prime factors of b(-14).
1973
Let n = -3 + 34. Let p(b) = -b**3 + 31*b**2 + 8*b - 27. What are the prime factors of p(n)?
13, 17
Let y(j) = 14*j**2 + 17*j + 19. Let x(z) = 1. Let w(s) = -3*x(s) + y(s). What are the prime factors of w(8)?
2, 131
Let u = 11 - 9. Suppose 7 + 9 = u*m + 4*j, 2*m + j = 10. Let r = 14 + m. List the prime factors of r.
2, 3
Suppose 3*b = 4*b + 111. Let d = 1277 - 1319. Let q = d - b. List the prime factors of q.
3, 23
Let c(h) = h**3 - 18*h**2 + 29*h + 26. Let m be c(26). Suppose -8*o + m = 9*o. List the prime factors of o.
2, 7, 13
Suppose -41*v - 3760 = -42*v + 4*q, -5*v = -q - 18781. What are the prime factors of v?
2, 3, 313
Suppose 110*h = 387*h - 3273309. List the prime factors of h.
3, 13, 101
Let d(f) = 2*f**2 - 8*f - 1. Let i be d(5). Let b = i - 29. Let u = 206 + b. List the prime factors of u.
2, 3, 31
Let l = 1987 - 773. What are the prime factors of l?
2, 607
Suppose -3*m - 184 - 122 = 0. Let v = 504 + -498. What are the prime factors of m*((-3)/v - 1)?
3, 17
Suppose 0 = -i + 4*a + 28, 5*i - 2*a - a - 106 = 0. What are the prime factors of ((-2)/(-6))/(i/29640)?
2, 13, 19
List the prime factors of 7 - ((-2)/(-13) - 1964846/338).
2, 3, 5, 97
Let g(t) = 1427*t + 116. List the prime factors of g(15).
21521
Suppose 4*f = 3*h - 5 - 8, -3*f = 2*h + 31. Let g be f/14*5*-2. Suppose -5*w = -20, -g*y - w = -3*w - 72. List the prime factors of y.
2
Suppose -3*v - d - 2*d = 15, -v + 4*d - 10 = 0. Let s be v*(5 - (-2060)/12). Let o = -751 - s. What are the prime factors of o?
3, 103
Let p(s) = 25*s + 1. Let c be p(-2). Suppose 22*a + 1368 = -2*a. Let o = c - a. List the prime factors of o.
2
Let w = -37 - 158. What are the prime factors of (-12120)/w + 2/(-13)?
2, 31
Let p(w) = -w**3 + 10*w**2 - 9*w + 7. Let o be p(9). Suppose 5 + o = 6*q. List the prime factors of q*1524/40 - 2/10.
2, 19
List the prime factors of (-1 - (-2)/4) + (-143533)/(-26) + -17.
5503
Let v be 2*2 - (1 - 3). Let l be (-81)/(-18)*(-4)/v*2. What are the prime factors of ((46/(-3))/1)/(4/l)?
23
Let h(s) = -1 - 7 + 2750*s - 2883*s + 1. What are the prime factors of h(-2)?
7, 37
Let c(x) = x**3 - x**2 + x + 1. Let g(t) = -2*t**3 - 9*t**2 + 8*t - 11. Let k(d) = -3*c(d) - g(d). Let f be 2/(-1)*4/32*-44. List the prime factors of k(f).
2
Let p be (2/(-6))/(3/(-13941)). Let k = 2269 - p. List the prime factors of k.
2, 3, 5
What are the prime factors of (-6 + ((-3136)/20 - -2))/((-6)/20)?
2, 67
Suppose -5*r = 5*z - 76320, 2*z - 45798 = -53*r + 50*r. What are the prime factors of r?
2, 3, 5, 509
Let j(k) = -k**3 + 5*k**2 + 1. Let q be j(-4). Suppose -3*w + 6*w + 5*w = 0. Suppose -q = -f - w*f. List the prime factors of f.
5, 29
Suppose 0*n - 5*n = 10, 2*f + 2 = -3*n. Let t be 2 - -114 - (10/(-4) - (-18)/(-12)). Suppose -t = f*c - 7*c. What are the prime factors of c?
2, 3
Let l(a) = 7*a - 192. Let v be l(29). Suppose v*s = -1158 + 4414. List the prime factors of s.
2, 37
Suppose -440964 = -11*j - 10*j - 30750. List the prime factors of j.
2, 9767
Let w = 27869 + 2811. List the prime factors of w.
2, 5, 13, 59
Let f be 0 + 2/(-3)*(-6)/4. Suppose 4*y - a + 41 = 0, 0 = 3*y - 4*y - 2*a + f. Let n(s) = -s**2 - 11*s + 12. List the prime factors of n(y).
2, 3, 5
Let p be 3029/273 + ((-19)/(-21) - 1). Suppose 2*v - 14*a = -p*a + 2267, 4*a = -3*v + 3358. What are the prime factors of v?
2, 563
Let r be 4 - (2 - 4) - 1. Suppose -4*v - 3*y = 2*y - 1211, 0 = 2*v - r*y - 613. List the prime factors of v.
2, 19
Let u(y) = 7*y**2 - 2*y - 16. Let p be u(7). Let w(i) = 167 - 57*i - p + 167. List the prime factors of w(-3).
2, 3
Let s = -78 + 74. Let k(z) = -z**2 - 9*z - 13. Let u be k(s). Suppose -3*a - 5*q = -521, -2*a - 4*q = -u*q - 322. What are the prime factors of a?
167
Suppose -16457 + 3341 = 23*a - 29*a. What are the prime factors of a?
2, 1093
Let x = 49 + -45. Suppose -x*h = -h - 84. Suppose 4*k - 88 = -4*y, -k - 4*y + y + h = 0. What are the prime factors of k?
19
Suppose -31311 = -42*k + 78*k - 39*k. List the prime factors of k.
3, 7, 71
Let c = 9039 + -1401. List the prime factors of c.
2, 3, 19, 67
Let l(d) = -d**2 - 12*d - 5. Let c be l(-7). Let y = 565 + 675. What are the prime factors of 6/9 + y/c?
2, 3, 7
Suppose -4*x - 4991 = -v, -12589 = -3*v - 4*x + 2288. What are the prime factors of v?
4967
Let a = 63 + -57. What are the prime factors of (2146 - a)*(-4)/(-8)?
2, 5, 107
Let i(f) = -2*f**3 + 11*f**2 - 4*f. Let w be i(5). Suppose -669 = -2*m - w*b, -4*m - 2*b = -5*m + 348. List the prime factors of m.
2, 3, 19
Suppose 2 = 2*d + 3*z, 2*d + z - 7 = 3. Suppose d*f - 4692 = 3925. List the prime factors of f.
1231
Suppose 3*t + 4 = 3*v + 7, 4*t - v - 7 = 0. Let q(b) = -9*b**3 - 66*b**t + 124*b**2 - 58*b**2. List the prime factors of q(-2).
2, 3
Suppose 13*l + 3 = 10*l + 3*p, 4*l = 3*p - 3. Suppose 2*k = -2*k + 5*w + 45, 3*k + 3*w = l. Suppose -k*n + 176 = -239. What are the prime factors of n?
83
Suppose 4*k - 15405 + 4053 = 0. List the prime factors of k/(-9)*-4*15/40.
11, 43
Let v be (4/(-6) + 1)/(1/9). Let u be 652/12 - (-2)/v. Suppose 3*j = p - u, j - 2*j = 4*p - 220. What are the prime factors of p?
5, 11
Let w be 3/(-9) + (33/9)/11. Suppose 2*p + 2*n - 6482 = -2*p, w = 4*p + 5*n - 6479. What are the prime factors of p?
1621
What are the prime factors of (4 - (-13536)/7)/(60/840)?
2, 3391
Suppose -3486 = 12*k - 19650. Suppose -k - 1161 = -4*i. Suppose 521 = 7*h - i. List the prime factors of h.
2, 41
Let k(o) = 5*o**3 - 11*o**2 - o - 31. Let p be k(6). Suppose -1177 - p = -6*i. What are the prime factors of i?
2, 19
Suppose -13963012 = -284*g + 286120. What are the prime factors of g?
131, 383
What are the prime factors of 2366 + 5*(-85)/25?
3, 29
Suppose 4*k + 16 + 324 = 0. What are the prime factors of (0 + -1)/(k/68255)?
11, 73
Let i(a) = -13*a + 69. Let b(s) = 18*s - 67. Let p be b(3). What are the prime factors of i(p)?
2, 7, 17
Let z = 157 + -139. Let c = 61 - z. Suppose -38*n - 1320 = -c*n. What are the prime factors of n?
2, 3, 11
Suppose -z - y - 17 = 0, -4*y + 22 = z - 2*z. Let x be z/(0 - 3) + -2. Suppose -x*r + 141 = a, -4*r + 629 = 4*a - r. List the prime factors of a.
7, 23
Let m = 37 - 30. Suppose m*t = -5*t + 36. Suppose -5*y = -2*y - u - 252, -t*u = 2*y - 168. List the prime factors of y.
2, 3, 7
Let c = 11891 - 8098. What are the prime factors of c?
3793
Let k = -13 - -61. Let j = k + -46. List the prime factors of ((-2)/(-4))/(9/900) - j.
2, 3
Suppose 0 = 6*i - 2323 + 343. What are the prime factors of i?
2, 3, 5, 11
Suppose u + 140*u - 658615 = 788186. List the prime factors of u.
31, 331
Suppose c - 3*y + 4 = 0, 28 - 8 = 3*c - y. Suppose 0 = -5*w - a - c - 67, -4*w = -2*a + 60. Let b = 98 + w. What are the prime factors of b?
83
Let s(x) = 13*x**2 - 304*x + 425. List the prime factors of s(64).
34217
List the prime factors of (81664/(-220))/(4/(-100)).
2, 5, 29
Let o = -84 - -75. Let w be 5 + o - (-6)/3. Let v(d) = -89*d + 3. List the prime factors of v(w).
181
Let 